ose 4*n + 33 = 421. Let z = -44 - n. Let k = -126 - z. What is the units digit of k?
5
Let r = -691 - -2320. What is the tens digit of r?
2
What is the tens digit of 10*58/4*345/(-55)*-11?
0
Suppose -70700 = 41*a - 131698 - 207101. What is the units digit of a?
9
Let d(m) = 3*m**3 + 4*m**2 - 4*m - 6. Let u be d(-4). Let z = u - -143. What is the units digit of z?
5
Suppose 4*z - 4 = 3*z, -450 = 5*i + 5*z. Let c = i - -211. Let g = -76 + c. What is the tens digit of g?
4
Suppose -18*u = 11*u + 10*u - 335205. What is the hundreds digit of u?
5
Suppose 3*s - 8964 = -4*a, 5*s + 4*a + 4612 = 19536. What is the thousands digit of s?
2
Suppose g + 10 - 141 = 0. Let y be (12/(-24))/(0 - 1/(-154)). Let u = y + g. What is the tens digit of u?
5
What is the tens digit of ((-1485)/22 + 14)/(2/(-88)*2)?
7
Let z(k) = 67*k**3 - 14*k**2 - 3*k + 72. What is the thousands digit of z(5)?
8
Let i(k) = k**3 + 4*k**2 - 20*k - 17. Let s be i(-8). Let f = -48 - s. What is the tens digit of f?
6
Let l be (-2 - 1)/(33/(-24) + 1). Suppose -l = -5*r + 317. Let n = 146 - r. What is the tens digit of n?
8
Let b = -64 - -64. Suppose b = 6*t + 450 - 1248. What is the units digit of t?
3
Let r = -1185 + 1660. Let g = -411 + r. What is the tens digit of g?
6
Let i(a) = a**2 - 5*a + 5. Let q be i(0). Suppose -2*w + 3*x = -536, 3*w + q*x + 20 = 843. What is the units digit of w?
1
Let k(r) = 1416*r - 2689. What is the thousands digit of k(29)?
8
What is the hundreds digit of (68138/63)/((-18)/(-162))?
7
Let r(o) be the first derivative of o**3/3 - 10*o**2 - 12*o - 1990. Suppose 0*n + 5*n - 120 = 0. What is the tens digit of r(n)?
8
Let f(c) = 3*c**2 + 4*c - 14. Let y be f(-6). Let a be (-7)/(y/(-5445)) - 2/(-4). Suppose 167 = 4*h - a. What is the tens digit of h?
7
Let s(v) = 12*v**3 + 2*v**2 + v - 3. Let w be s(2). Suppose 0*h = 4*h - 3*z + w, 0 = h + 3*z + 37. Let y = h - -30. What is the units digit of y?
2
Let r = 2043 - -1111. What is the hundreds digit of r?
1
Suppose -2*r - 5550 = 8602. Let h be (-2 - r/10) + 4/10. Suppose -8*k = -1182 - h. What is the units digit of k?
6
Suppose -144 = -48*k + 39*k. Suppose 0 = -19*x - k*x + 18025. What is the tens digit of x?
1
What is the units digit of ((-2872688)/(-2002))/((-2)/(-11))?
2
Let j(z) = -z**3 - 22*z**2 - z - 20. Let u be j(-22). Suppose 0*w - 5*w = -u*v - 2334, 0 = -w + 4*v + 456. What is the tens digit of w?
6
Let t be (-1)/((-1)/(2460 - 4)). Suppose 5*j - 2357 = -4*s + t, -s - 5*j = -1192. What is the units digit of s?
7
Suppose 0 = -40*l + 226680 + 357520. What is the thousands digit of l?
4
Suppose 9*x = 7*x. Suppose 2*h - 5699 - 3387 = -5*l, 2*l - h - 3638 = x. What is the thousands digit of l?
1
Let l(s) = s**2 + 2*s - 49. Let n be l(0). What is the units digit of (n - 1)/(-1) + -3?
7
Let v(y) = 275*y**2 + 4*y + 39. What is the hundreds digit of v(2)?
1
Let v be (29 - 42)*(-1*1 - 0). Let j(s) = 3*s**2 + 7*s. Let i be j(v). What is the tens digit of i/18 + (-36)/162?
3
Let l(w) = 17*w**2 + 145*w - 83. What is the units digit of l(-25)?
7
Suppose -1 + 3 = w. Suppose 0*x - 3*x = -w*x. Suppose x = -3*j + 249 - 60. What is the units digit of j?
3
Let o = 17 + -18. Let z be (475/38)/(o/(-8)). Suppose n + 4*r = 102, 0 = -2*n + n - 5*r + z. What is the tens digit of n?
1
Let x(c) = c**2 - 1. Let o(s) = -19*s**2 + 9*s - 6. Let g(r) = -o(r) - 3*x(r). What is the units digit of g(5)?
4
Let s(a) = 169*a + 1135. What is the hundreds digit of s(0)?
1
Let v = -58 + 74. Suppose v*t - 13*t + 6 = 0, -4*s + 4*t = -1736. What is the tens digit of s?
3
Let g(b) = 2*b**2 + 6*b - 2. Let l(q) = q + 1. Let n(m) = -6*m - 5. Let x(s) = 5*l(s) + n(s). Let z(v) = 2*g(v) + 4*x(v). What is the units digit of z(5)?
6
Suppose 21 - 11 = 2*g. What is the units digit of (3/(-36)*-93 - g)*272?
8
Suppose 5*k - 48921 = 411*m - 410*m, -k + 4*m = -9769. What is the thousands digit of k?
9
Let h(q) = 619*q - 67. Let o be h(11). Suppose o - 1490 = 13*k. What is the tens digit of k?
0
Let p be (-4)/(-6) - (6200/(-15) - -5). Suppose -2*n = -5*y - 716, p + 1005 = 4*n - y. What is the units digit of n?
3
Suppose -59*w - 2064 = -61*w + 2*m, -3112 = -3*w - m. What is the thousands digit of w?
1
Let o = 34 + -31. Suppose -5*n = -3*c - o*n + 9, -5*n - 12 = 3*c. Let w = c + 5. What is the units digit of w?
6
Let o(f) = -9*f**2 - 502*f + 39. What is the units digit of o(-34)?
3
Let u(j) = 2*j**3 - 8*j**2 + 7*j - 6. Suppose 3*s + 13 - 55 = 0. Suppose 4*m - s = f + 4, -2*m + 8 = -f. What is the units digit of u(m)?
9
Let d be (-22)/66 - 152/(-6). Suppose -20*q + d*q = 380. Suppose 6*i - 820 = -q. What is the units digit of i?
4
Let x(j) = -3*j**2 - 24*j + 11. Let w(c) = 1. Let v(n) = 2*w(n) - x(n). Suppose 0 = -32*h + 23*h - 99. What is the units digit of v(h)?
0
Suppose 2*w + 18*w = 6*w + 147812. What is the tens digit of w?
5
Let h be -1 - (1 - (-2 - -6)). Suppose 4*v - 10 = 2*b, -b = 4*v - 3 - 4. Suppose -v*f + h*q = -220 - 186, -2*f - 5*q = -420. What is the units digit of f?
5
Let r(d) = d**3 - 12*d**2 + 18*d + 2. Let g = -104 + 115. What is the units digit of r(g)?
9
Let o(l) = -33*l - 2. Let h be (3 + 14/(-3))*-39. Suppose -64*g + h*g + 8 = 0. What is the units digit of o(g)?
2
What is the tens digit of 8835 - (77 - 72)*4/5?
3
Let o(p) = -260*p - 1. Let h be o(-1). Let b be ((-19)/(-25 - -63))/((4/(-2))/1944). Let r = b - h. What is the units digit of r?
7
Suppose -3 = 3*l, 5*m - 2*l = -0*l + 182. Suppose 3*o - 12*o = -m. Suppose 3*j = t + 6*j - 106, 4*j = -o. What is the units digit of t?
9
Let j = 258 - 263. Let w(f) = 50*f**2 - 5*f - 24. What is the hundreds digit of w(j)?
2
What is the hundreds digit of 0 - (108/12 + -462)?
4
Suppose 2*i - 233 = 5*f, 3*i + 4*f = 376 - 61. Let o = -5508 + 5533. Suppose o*q - i = 24*q. What is the tens digit of q?
0
Suppose u - 2*u + 26 = 0. Let b = u + -11. What is the hundreds digit of (362/4 + 1)/(b/20)?
1
Suppose 180 = t - 146. Let h = t + -124. What is the hundreds digit of h?
2
Let m(z) = 67*z - 161. Let j be m(19). Suppose -5*k = s - j, -4*s - k + 3158 = -1366. What is the tens digit of s?
3
Let j(m) = -m**3 + 2*m**2 - 1. Let o be j(-1). Suppose o*k - 12 = -q, -3*k - k + 16 = 0. What is the tens digit of ((-4)/(-24)*q)/(6/459)?
5
Let v = -4970 + 10795. What is the hundreds digit of v?
8
Let c be -6 + (-35)/(-14)*-4. Let k(t) = -t**3 - 12*t**2 + 21*t + 65. What is the hundreds digit of k(c)?
7
Suppose 13796 = 2*w - 4*h, -8*w + 20639 = -5*w + 5*h. What is the tens digit of w?
8
Let b = 399 + -394. Suppose 4*d + 5*r = 780, -b*d + 224 = 2*r - 751. What is the units digit of d?
5
Suppose -187*n - 91*n + 1074831 + 5415635 = 0. What is the ten thousands digit of n?
2
Let h(n) = -n. Suppose c - 5*c = -5*z + 21, 0 = c + 4. Let y(x) = -x**3 + 7*x**2 - 5*x + 20. Let i(w) = z*y(w) - 3*h(w). What is the units digit of i(7)?
6
Let u(c) = 594*c**2 + 117*c + 533. What is the units digit of u(-4)?
9
Let a(o) = -5*o + 78. Suppose -29 = -4*g - 5*u, 16*g - 13*g = 3*u + 42. What is the units digit of a(g)?
3
Let j be 7*4*(-12)/56. Let c be 12*(405/j)/(-9). Let f = -40 + c. What is the units digit of f?
0
Suppose 4*i + 115 = -2241. Let s = 866 + i. What is the tens digit of s?
7
Let k(h) = -9*h + 66. Let r be k(4). Suppose 11*o = r + 2764. What is the units digit of o?
4
Suppose -200*z + 197*z - x = -30075, -4*x + 20060 = 2*z. What is the tens digit of z?
2
Let z = 0 + 0. Suppose -2*p + 19 = 3*q, 10*q - 5*q = 5*p + 15. Suppose p*a + 3 - 17 = z. What is the units digit of a?
7
Let b = -8224 - -13643. What is the hundreds digit of b?
4
Suppose -13317 = -3*k + 44223. What is the hundreds digit of k?
1
Let z be (-36)/8*(-3 - 346/(-6)). Let l = -244 - z. What is the units digit of l?
2
Let n(p) = -p**2 + 8*p + 34. Let u be n(11). Let z = 12 + u. Suppose -z*g + 840 = -317. What is the units digit of g?
9
What is the hundreds digit of 2164400/250 + 2/5?
6
Let y(w) = -2*w - 7. Let a be y(-4). Suppose -21*b = -22*b - a. What is the units digit of 6 + 1/b + 1?
6
Let t = 3 + 0. Let k(r) = 8*r**2 - 3*r + 2. Let y be k(t). What is the tens digit of (-6)/(-4)*-2 + y?
6
What is the ten thousands digit of (-98048)/(-9) - (792/(-162))/(-22)?
1
Suppose 0 = 37*h - 40*h. Suppose 4*f + 4*u - 384 = 372, -3*f - u + 577 = h. What is the tens digit of f?
9
Let h